{"id":10,"date":"2025-07-10T23:10:02","date_gmt":"2025-07-10T23:10:02","guid":{"rendered":"https:\/\/bptcsac.com\/?page_id=10"},"modified":"2025-08-11T13:47:44","modified_gmt":"2025-08-11T13:47:44","slug":"inicio","status":"publish","type":"page","link":"https:\/\/bptcsac.com\/","title":{"rendered":"Inicio"},"content":{"rendered":"<div class=\"wpb-content-wrapper\"><p>[vc_section full_width=\u00bbstretch_row\u00bb content_placement=\u00bbbottom\u00bb el_class=\u00bbhero-box\u00bb][vc_row content_placement=\u00bbmiddle\u00bb el_class=\u00bbc80 p80&#8243;][vc_column width=\u00bb1\/2&#8243; el_class=\u00bbhero-left\u00bb][vc_column_text css=\u00bb\u00bb el_class=\u00bbheading\u00bb]<\/p>\n<h2>Tu aliado estrat\u00e9gico en: <strong>_<\/strong><\/h2>\n<p>En BPTC te ayudamos a mejorar la productividad y competitividad con servicios de alta calidad adaptados a tus necesidades.<\/p>\n<p><strong>\u00bfEst\u00e1s listo para descubrir la soluci\u00f3n ideal para tu negocio?<\/strong>[\/vc_column_text][vc_btn title=\u00bbVer soluciones\u00bb style=\u00bbcustom\u00bb custom_background=\u00bb#FFFFFF\u00bb custom_text=\u00bb#FFFFFF\u00bb shape=\u00bbround\u00bb i_icon_fontawesome=\u00bbfa fa-solid fa-chevron-right\u00bb css=\u00bb\u00bb add_icon=\u00bbtrue\u00bb link=\u00bburl:%23services\u00bb el_class=\u00bbbtn pt40&#8243;][\/vc_column][vc_column width=\u00bb1\/2&#8243; el_class=\u00bbhero-right\u00bb][vc_single_image image=\u00bb12&#8243; img_size=\u00bbfull\u00bb alignment=\u00bbright\u00bb css=\u00bb\u00bb][\/vc_column][\/vc_row][\/vc_section][vc_section full_width=\u00bbstretch_row\u00bb content_placement=\u00bbbottom\u00bb disable_element=\u00bbyes\u00bb el_class=\u00bbsection-black\u00bb el_id=\u00bbservices\u00bb][vc_row el_class=\u00bbc90 p80&#8243;][vc_column]<div class=\"bb-ultimate-carousel\"><div class='bb-ultimate-carousel-slider   ' data-settings={&quot;adaptiveHeight&quot;:true,&quot;arrows&quot;:false,&quot;autoplay&quot;:true,&quot;autoplaySpeed&quot;:4000,&quot;cssEase&quot;:&quot;linear&quot;,&quot;lazyLoad&quot;:&quot;progressive&quot;,&quot;slidesToShow&quot;:2,&quot;responsive&quot;:[{&quot;breakpoint&quot;:720,&quot;settings&quot;:{&quot;slidesToShow&quot;:1,&quot;dots&quot;:true,&quot;vertical&quot;:false}}]} ><div class='bb-ultimate-carousel-slide   single-service'>[vc_icon icon_fontawesome=\u00bbfa fa-regular fa-handshake\u00bb css=\u00bb\u00bb el_class=\u00bbicon-service\u00bb][vc_column_text css=\u00bb\u00bb]<\/p>\n<h2>Tecnolog\u00edas de la informaci\u00f3n<\/h2>\n<p>Le brindamos soluciones estrat\u00e9gicas para hacer crecer su negocio, adaptadas a sus procesos y organizaci\u00f3n para satisfacer sus necesidades.[\/vc_column_text]<\/div><div class='bb-ultimate-carousel-slide   single-service'>[vc_icon icon_fontawesome=\u00bbfa fa-regular fa-handshake\u00bb css=\u00bb\u00bb el_class=\u00bbicon-service\u00bb][vc_column_text css=\u00bb\u00bb]<\/p>\n<h2>Mejora de Procesos<\/h2>\n<p>Le brindamos soluciones estrat\u00e9gicas para hacer crecer su negocio, adaptadas a sus procesos y organizaci\u00f3n para satisfacer sus necesidades.[\/vc_column_text][vc_column_text css=\u00bb\u00bb]<\/p>\n<ul>\n<li>Diagn\u00f3sticos empresariales y auditor\u00edas de gesti\u00f3n.<\/li>\n<li>Sistemas de planeaci\u00f3n y control de la producci\u00f3n e inventarios.<\/li>\n<li>Estudio de tiempos y carga laboral.<\/li>\n<li>Programa de Mejora de procesos Productivos y Administrativos.<\/li>\n<li>Evaluaci\u00f3n de la capacidad de producci\u00f3n.<\/li>\n<\/ul>\n<p>[\/vc_column_text]<\/div><div class='bb-ultimate-carousel-slide   single-service'>[vc_icon icon_fontawesome=\u00bbfa fa-regular fa-handshake\u00bb css=\u00bb\u00bb el_class=\u00bbicon-service\u00bb][vc_column_text css=\u00bb\u00bb]<\/p>\n<h2>Gesti\u00f3n Empresarial<\/h2>\n<p>Le brindamos soluciones estrat\u00e9gicas para hacer crecer su negocio, adaptadas a sus procesos y organizaci\u00f3n para satisfacer sus necesidades.[\/vc_column_text][vc_column_text css=\u00bb\u00bb]<\/p>\n<ul>\n<li>Sistemas de gesti\u00f3n y monitoreo de desempe\u00f1o empresarial.<\/li>\n<li>Balanced Scorecard (BSC).<\/li>\n<li>Dise\u00f1o organizacional: Estructuras Organizativas y puestos.<\/li>\n<li>Elaboraci\u00f3n de Manuales de gesti\u00f3n: MOF, ROF, MAPRO, CAP, TUPA<\/li>\n<li>Perfiles y proyectos de preinversi\u00f3n.<\/li>\n<\/ul>\n<p>[\/vc_column_text]<\/div><div class='bb-ultimate-carousel-slide   single-service'>[vc_icon icon_fontawesome=\u00bbfa fa-regular fa-handshake\u00bb css=\u00bb\u00bb el_class=\u00bbicon-service\u00bb][vc_column_text css=\u00bb\u00bb]<\/p>\n<h2>Sistema Integrados de Gesti\u00f3n<\/h2>\n<p>Implantaci\u00f3n de sistemas de gesti\u00f3n de calidad, ambiental, seguridad y salud ocupacional, seguridad de la informaci\u00f3n, prevenci\u00f3n del soborno, entre otras, basadas en normas ISO:[\/vc_column_text][vc_column_text css=\u00bb\u00bb]<\/p>\n<ul>\n<li>ISO 9001 : 2015 &#8211; Sistema de Gesti\u00f3n de la Calidad.<\/li>\n<li>ISO 14001 : 2015 &#8211; Sistema de Gesti\u00f3n Ambiental.<\/li>\n<li>ISO 45001 : 2018 &#8211; Sistema de Gesti\u00f3n de la Seguridad y Salud en el Trabajo.<\/li>\n<li>ISO 27001 : 2022 &#8211; Sistema de Seguridad de la Informaci\u00f3n.<\/li>\n<li>ISO 20000-1 : 2018 &#8211; Sistema de Gesti\u00f3n de Servicios.<\/li>\n<li>ISO 27032 : 2022 &#8211; Sistema de gesti\u00f3n de ciberseguridad<\/li>\n<li>ISO 22301 : 2019 &#8211; Sistema de gesti\u00f3n de continuidad de negocios<\/li>\n<li>ISO 37001 : 2025 &#8211; Sistema de Gesti\u00f3n Antisoborno.<\/li>\n<\/ul>\n<p>[\/vc_column_text]<\/div><\/div><\/div>[\/vc_column][\/vc_row][\/vc_section][vc_section full_width=\u00bbstretch_row\u00bb content_placement=\u00bbbottom\u00bb el_class=\u00bbsection-black p80&#8243; el_id=\u00bbservices\u00bb][vc_row equal_height=\u00bbyes\u00bb el_class=\u00bbc90&#8243;][vc_column width=\u00bb1\/2&#8243; el_class=\u00bbsingle-service\u00bb][vc_single_image image=\u00bb94&#8243; img_size=\u00bb120&#215;120&#8243; css=\u00bb.vc_custom_1754920019505{border-bottom-width: 16px !important;}\u00bb][vc_column_text css=\u00bb\u00bb]<\/p>\n<h2>Tecnolog\u00edas de la informaci\u00f3n<\/h2>\n<p>Le brindamos soluciones estrat\u00e9gicas para hacer crecer su negocio, adaptadas a sus procesos y organizaci\u00f3n para satisfacer sus necesidades.[\/vc_column_text][vc_toggle title=\u00bbVer servicios\u00bb css=\u00bb\u00bb el_class=\u00bbmore-single-service\u00bb]<\/p>\n<ul>\n<li>Planeamiento estrat\u00e9gico de sistemas de informaci\u00f3n.<\/li>\n<li>Implantaci\u00f3n de soluciones empresariales: ERP, CRM, DW, BI.<\/li>\n<li>Desarrollo y mantenimiento de sistemas de informaci\u00f3n.<\/li>\n<li>Transformaci\u00f3n digital.<\/li>\n<li>Seguridad Inform\u00e1tica.<\/li>\n<\/ul>\n<p>[\/vc_toggle][\/vc_column][vc_column width=\u00bb1\/2&#8243; el_class=\u00bbsingle-service\u00bb][vc_single_image image=\u00bb92&#8243; img_size=\u00bb120&#215;120&#8243; css=\u00bb.vc_custom_1754920034336{border-bottom-width: 16px !important;}\u00bb][vc_column_text css=\u00bb\u00bb]<\/p>\n<h2>Mejora de Procesos<\/h2>\n<p>Le brindamos soluciones estrat\u00e9gicas para hacer crecer su negocio, adaptadas a sus procesos y organizaci\u00f3n para satisfacer sus necesidades.[\/vc_column_text][vc_toggle title=\u00bbVer servicios\u00bb css=\u00bb\u00bb el_class=\u00bbmore-single-service\u00bb]<\/p>\n<ul>\n<li>Diagn\u00f3sticos empresariales y auditor\u00edas de gesti\u00f3n.<\/li>\n<li>Sistemas de planeaci\u00f3n y control de la producci\u00f3n e inventarios.<\/li>\n<li>Estudio de tiempos y carga laboral.<\/li>\n<li>Programa de Mejora de procesos Productivos y Administrativos.<\/li>\n<li>Evaluaci\u00f3n de la capacidad de producci\u00f3n.<\/li>\n<\/ul>\n<p>[\/vc_toggle][\/vc_column][\/vc_row][vc_row equal_height=\u00bbyes\u00bb el_class=\u00bbc90&#8243;][vc_column width=\u00bb1\/2&#8243; el_class=\u00bbsingle-service\u00bb][vc_single_image image=\u00bb91&#8243; img_size=\u00bb120&#215;120&#8243; css=\u00bb.vc_custom_1754920052099{border-bottom-width: 16px !important;}\u00bb][vc_column_text css=\u00bb\u00bb]<\/p>\n<h2>Gesti\u00f3n Empresarial<\/h2>\n<p>Le brindamos soluciones estrat\u00e9gicas para hacer crecer su negocio, adaptadas a sus procesos y organizaci\u00f3n para satisfacer sus necesidades.[\/vc_column_text][vc_toggle title=\u00bbVer servicios\u00bb css=\u00bb\u00bb el_class=\u00bbmore-single-service\u00bb]<\/p>\n<ul>\n<li>Sistemas de gesti\u00f3n y monitoreo de desempe\u00f1o empresarial.<\/li>\n<li>Balanced Scorecard (BSC).<\/li>\n<li>Dise\u00f1o organizacional: Estructuras Organizativas y puestos.<\/li>\n<li>Elaboraci\u00f3n de Manuales de gesti\u00f3n: MOF, ROF, MAPRO, CAP, TUPA<\/li>\n<li>Perfiles y proyectos de preinversi\u00f3n.<\/li>\n<\/ul>\n<p>[\/vc_toggle][\/vc_column][vc_column width=\u00bb1\/2&#8243; el_class=\u00bbsingle-service\u00bb][vc_single_image image=\u00bb93&#8243; img_size=\u00bb120&#215;120&#8243; css=\u00bb.vc_custom_1754920059621{border-bottom-width: 16px !important;}\u00bb][vc_column_text css=\u00bb\u00bb]<\/p>\n<h2>Sistema Integrados de Gesti\u00f3n<\/h2>\n<p>Implantaci\u00f3n de sistemas de gesti\u00f3n de calidad, ambiental, seguridad y salud ocupacional, seguridad de la informaci\u00f3n, prevenci\u00f3n del soborno, entre otras, basadas en normas ISO:[\/vc_column_text][vc_toggle title=\u00bbVer normas ISO\u00bb css=\u00bb\u00bb el_class=\u00bbmore-single-service\u00bb]<\/p>\n<ul>\n<li>ISO 9001 : 2015 &#8211; Sistema de Gesti\u00f3n de la Calidad.<\/li>\n<li>ISO 14001 : 2015 &#8211; Sistema de Gesti\u00f3n Ambiental.<\/li>\n<li>ISO 45001 : 2018 &#8211; Sistema de Gesti\u00f3n de la Seguridad y Salud en el Trabajo.<\/li>\n<li>ISO 27001 : 2022 &#8211; Sistema de Seguridad de la Informaci\u00f3n.<\/li>\n<li>ISO 20000-1 : 2018 &#8211; Sistema de Gesti\u00f3n de Servicios.<\/li>\n<li>ISO 27032 : 2022 &#8211; Sistema de gesti\u00f3n de ciberseguridad<\/li>\n<li>ISO 22301 : 2019 &#8211; Sistema de gesti\u00f3n de continuidad de negocios<\/li>\n<li>ISO 37001 : 2025 &#8211; Sistema de Gesti\u00f3n Antisoborno.<\/li>\n<\/ul>\n<p>[\/vc_toggle][\/vc_column][\/vc_row][\/vc_section][vc_section el_class=\u00bbp80&#8243; el_id=\u00bbabout\u00bb][vc_row content_placement=\u00bbmiddle\u00bb el_class=\u00bbc80&#8243;][vc_column width=\u00bb1\/2&#8243; el_class=\u00bbabout-company-left\u00bb][vc_column_text css=\u00bb\u00bb]<\/p>\n<h6>Acerca de BPTC<\/h6>\n<p>[\/vc_column_text][vc_column_text css=\u00bb\u00bb]<\/p>\n<h2>15 A\u00f1os Impulsando Empresas con <strong>Soluciones Estrat\u00e9gicas<\/strong><\/h2>\n<p>[\/vc_column_text][vc_row_inner el_class=\u00bbmission-box\u00bb][vc_column_inner width=\u00bb1\/3&#8243;][vc_column_text css=\u00bb\u00bb]<\/p>\n<h4>Misi\u00f3n<\/h4>\n<p>[\/vc_column_text][\/vc_column_inner][vc_column_inner width=\u00bb2\/3&#8243;][vc_column_text css=\u00bb\u00bb]Ser reconocidos como una empresa l\u00edder en la prestaci\u00f3n de servicios de consultor\u00eda de negocios, procesos y tecnolog\u00eda en la regi\u00f3n latinoamericana, por la calidad del servicio brindado, compromiso y resultados exitosos.[\/vc_column_text][\/vc_column_inner][\/vc_row_inner][vc_row_inner][vc_column_inner width=\u00bb1\/3&#8243;][vc_column_text css=\u00bb\u00bb]<\/p>\n<h4>Visi\u00f3n<\/h4>\n<p>[\/vc_column_text][\/vc_column_inner][vc_column_inner width=\u00bb2\/3&#8243;][vc_column_text css=\u00bb\u00bb]Brindar servicios de consultor\u00eda de negocios, procesos y tecnolog\u00eda de informaci\u00f3n, con la finalidad de generar oportunidades de crecimiento y agregar valor al negocio de nuestros clientes.[\/vc_column_text][\/vc_column_inner][\/vc_row_inner][vc_row_inner][vc_column_inner][vc_btn title=\u00bbConoce m\u00e1s\u00bb style=\u00bbcustom\u00bb custom_background=\u00bb#FFFFFF\u00bb custom_text=\u00bb#FFFFFF\u00bb shape=\u00bbround\u00bb i_icon_fontawesome=\u00bbfa fa-solid fa-chevron-right\u00bb css=\u00bb\u00bb add_icon=\u00bbtrue\u00bb link=\u00bburl:%23form\u00bb el_class=\u00bbbtn\u00bb][\/vc_column_inner][\/vc_row_inner][\/vc_column][vc_column width=\u00bb1\/2&#8243; el_class=\u00bbabout-company-right\u00bb][vc_single_image image=\u00bb76&#8243; img_size=\u00bbfull\u00bb alignment=\u00bbright\u00bb css=\u00bb\u00bb][\/vc_column][\/vc_row][\/vc_section][vc_section el_class=\u00bbbox-brands\u00bb el_id=\u00bbbrands\u00bb][vc_row][vc_column][vc_column_text css=\u00bb\u00bb]<\/p>\n<h6>Nuestros Clientes<\/h6>\n<p>[\/vc_column_text]<div class=\"bb-ultimate-carousel\"><div class='bb-ultimate-carousel-slider   ' data-settings={&quot;arrows&quot;:false,&quot;autoplay&quot;:true,&quot;cssEase&quot;:&quot;linear&quot;,&quot;slidesToShow&quot;:5,&quot;responsive&quot;:[{&quot;breakpoint&quot;:720,&quot;settings&quot;:{&quot;slidesToShow&quot;:2,&quot;dots&quot;:false,&quot;vertical&quot;:false}}]} ><div class='bb-ultimate-carousel-slide   '>[vc_single_image image=\u00bb30&#8243; img_size=\u00bbfull\u00bb alignment=\u00bbcenter\u00bb css=\u00bb\u00bb]<\/div><div class='bb-ultimate-carousel-slide   '>[vc_single_image image=\u00bb44&#8243; img_size=\u00bbfull\u00bb alignment=\u00bbcenter\u00bb css=\u00bb\u00bb]<\/div><div class='bb-ultimate-carousel-slide   '>[vc_single_image image=\u00bb40&#8243; img_size=\u00bbfull\u00bb alignment=\u00bbcenter\u00bb css=\u00bb\u00bb]<\/div><div class='bb-ultimate-carousel-slide   '>[vc_single_image image=\u00bb32&#8243; img_size=\u00bbfull\u00bb alignment=\u00bbcenter\u00bb css=\u00bb\u00bb]<\/div><div class='bb-ultimate-carousel-slide   '>[vc_single_image image=\u00bb42&#8243; img_size=\u00bbfull\u00bb alignment=\u00bbcenter\u00bb css=\u00bb\u00bb]<\/div><div class='bb-ultimate-carousel-slide   '>[vc_single_image image=\u00bb31&#8243; img_size=\u00bbfull\u00bb alignment=\u00bbcenter\u00bb css=\u00bb\u00bb]<\/div><div class='bb-ultimate-carousel-slide   '>[vc_single_image image=\u00bb35&#8243; img_size=\u00bbfull\u00bb alignment=\u00bbcenter\u00bb css=\u00bb\u00bb]<\/div><div class='bb-ultimate-carousel-slide   '>[vc_single_image image=\u00bb41&#8243; img_size=\u00bbfull\u00bb alignment=\u00bbcenter\u00bb css=\u00bb\u00bb]<\/div><div class='bb-ultimate-carousel-slide   '>[vc_single_image image=\u00bb38&#8243; img_size=\u00bbfull\u00bb alignment=\u00bbcenter\u00bb css=\u00bb\u00bb]<\/div><div class='bb-ultimate-carousel-slide   '>[vc_single_image image=\u00bb37&#8243; img_size=\u00bbfull\u00bb alignment=\u00bbcenter\u00bb css=\u00bb\u00bb]<\/div><div class='bb-ultimate-carousel-slide   '>[vc_single_image image=\u00bb36&#8243; img_size=\u00bbfull\u00bb alignment=\u00bbcenter\u00bb css=\u00bb\u00bb]<\/div><div class='bb-ultimate-carousel-slide   '>[vc_single_image image=\u00bb33&#8243; img_size=\u00bbfull\u00bb alignment=\u00bbcenter\u00bb css=\u00bb\u00bb]<\/div><div class='bb-ultimate-carousel-slide   '>[vc_single_image image=\u00bb29&#8243; img_size=\u00bbfull\u00bb alignment=\u00bbcenter\u00bb css=\u00bb\u00bb]<\/div><div class='bb-ultimate-carousel-slide   '>[vc_single_image image=\u00bb28&#8243; img_size=\u00bbfull\u00bb alignment=\u00bbcenter\u00bb css=\u00bb\u00bb]<\/div><div class='bb-ultimate-carousel-slide   '>[vc_single_image image=\u00bb43&#8243; img_size=\u00bbfull\u00bb alignment=\u00bbcenter\u00bb css=\u00bb\u00bb]<\/div><div class='bb-ultimate-carousel-slide   '>[vc_single_image image=\u00bb39&#8243; img_size=\u00bbfull\u00bb alignment=\u00bbcenter\u00bb css=\u00bb\u00bb]<\/div><div class='bb-ultimate-carousel-slide   '>[vc_single_image image=\u00bb34&#8243; img_size=\u00bbfull\u00bb alignment=\u00bbcenter\u00bb css=\u00bb\u00bb]<\/div><\/div><\/div>[\/vc_column][\/vc_row][\/vc_section][vc_section el_class=\u00bbp80&#8243; el_id=\u00bbtestimonial\u00bb][vc_row el_class=\u00bbc80&#8243;][vc_column]<div class=\"bb-ultimate-carousel\"><div class='bb-ultimate-carousel-slider   ' data-settings={&quot;slidesToShow&quot;:1,&quot;responsive&quot;:[]} ><div class='bb-ultimate-carousel-slide   single-testimonial'>[vc_row_inner content_placement=\u00bbmiddle\u00bb][vc_column_inner width=\u00bb1\/3&#8243;][vc_single_image image=\u00bb77&#8243; img_size=\u00bbfull\u00bb css=\u00bb\u00bb el_class=\u00bbtestimonial-img\u00bb][\/vc_column_inner][vc_column_inner width=\u00bb2\/3&#8243;][vc_column_text css=\u00bb\u00bb el_class=\u00bbtestimonial-info\u00bb]BPTC nos ofreci\u00f3 una consultor\u00eda accesible y totalmente personalizada. Hoy somos una empresa m\u00e1s eficiente y competitiva gracias a su gu\u00eda profesional.[\/vc_column_text][vc_column_text css=\u00bb\u00bb el_class=\u00bbname\u00bb]Alice Guzman[\/vc_column_text][vc_column_text css=\u00bb\u00bb el_class=\u00bbposition\u00bb]Gerente de Operaciones[\/vc_column_text][\/vc_column_inner][\/vc_row_inner]<\/div><\/div><\/div>[\/vc_column][\/vc_row][vc_row el_id=\u00bbcontacto\u00bb][vc_column][\/vc_column][\/vc_row][\/vc_section][vc_row][vc_column][vc_raw_js]JTNDc2NyaXB0JTNFJTBBJTIwJTIwJTIwJTIwJTIwJTIwJTIwJTIwalF1ZXJ5JTI4ZG9jdW1lbnQlMjkucmVhZHklMjhmdW5jdGlvbiUyOCUyNCUyOSUyMCU3QiUwQSUyMCUyMCUyMCUyMCUyMCUyMCUyMCUyMCUyMCUyMCUyMCUyMHZhciUyMFR4dFJvdGF0ZSUyMCUzRCUyMGZ1bmN0aW9uJTI4ZWwlMkMlMjB0b1JvdGF0ZSUyQyUyMHBlcmlvZCUyOSUyMCU3QiUwQSUyMCUyMCUyMCUyMCUyMCUyMCUyMCUyMCUyMCUyMCUyMCUyMCUyMCUyMCUyMCUyMHRoaXMudG9Sb3RhdGUlMjAlM0QlMjB0b1JvdGF0ZSUzQiUwQSUyMCUyMCUyMCUyMCUyMCUyMCUyMCUyMCUyMCUyMCUyMCUyMCUyMCUyMCUyMCUyMHRoaXMuZWwlMjAlM0QlMjBlbCUzQiUwQSUyMCUyMCUyMCUyMCUyMCUyMCUyMCUyMCUyMCUyMCUyMCUyMCUyMCUyMCUyMCUyMHRoaXMubG9vcE51bSUyMCUzRCUyMDAlM0IlMEElMjAlMjAlMjAlMjAlMjAlMjAlMjAlMjAlMjAlMjAlMjAlMjAlMjAlMjAlMjAlMjAlMkYlMkYlMjBzZSUyMG1hbnRpZW5lJTIwMjAwMCUyMHBhcmElMjB2ZWxvY2lkYWQlMjBkZSUyMGJvcnJhZG8lMEElMjAlMjAlMjAlMjAlMjAlMjAlMjAlMjAlMjAlMjAlMjAlMjAlMjAlMjAlMjAlMjB0aGlzLnBlcmlvZCUyMCUzRCUyMHBhcnNlSW50JTI4cGVyaW9kJTJDJTIwMTAlMjklMjAlN0MlN0MlMjAyMDAwJTNCJTBBJTIwJTIwJTIwJTIwJTIwJTIwJTIwJTIwJTIwJTIwJTIwJTIwJTIwJTIwJTIwJTIwdGhpcy50eHQlMjAlM0QlMjAlMjclMjclM0IlMEElMjAlMjAlMjAlMjAlMjAlMjAlMjAlMjAlMjAlMjAlMjAlMjAlMjAlMjAlMjAlMjB0aGlzLnRpY2slMjglMjklM0IlMEElMjAlMjAlMjAlMjAlMjAlMjAlMjAlMjAlMjAlMjAlMjAlMjAlMjAlMjAlMjAlMjB0aGlzLmlzRGVsZXRpbmclMjAlM0QlMjBmYWxzZSUzQiUwQSUyMCUyMCUyMCUyMCUyMCUyMCUyMCUyMCUyMCUyMCUyMCUyMCU3RCUzQiUwQSUwQSUyMCUyMCUyMCUyMCUyMCUyMCUyMCUyMCUyMCUyMCUyMCUyMFR4dFJvdGF0ZS5wcm90b3R5cGUudGljayUyMCUzRCUyMGZ1bmN0aW9uJTI4JTI5JTIwJTdCJTBBJTIwJTIwJTIwJTIwJTIwJTIwJTIwJTIwJTIwJTIwJTIwJTIwJTIwJTIwJTIwJTIwdmFyJTIwaSUyMCUzRCUyMHRoaXMubG9vcE51bSUyMCUyNSUyMHRoaXMudG9Sb3RhdGUubGVuZ3RoJTNCJTBBJTIwJTIwJTIwJTIwJTIwJTIwJTIwJTIwJTIwJTIwJTIwJTIwJTIwJTIwJTIwJTIwdmFyJTIwZnVsbFR4dCUyMCUzRCUyMHRoaXMudG9Sb3RhdGUlNUJpJTVEJTNCJTBBJTBBJTIwJTIwJTIwJTIwJTIwJTIwJTIwJTIwJTIwJTIwJTIwJTIwJTIwJTIwJTIwJTIwaWYlMjAlMjh0aGlzLmlzRGVsZXRpbmclMjklMjAlN0IlMEElMjAlMjAlMjAlMjAlMjAlMjAlMjAlMjAlMjAlMjAlMjAlMjAlMjAlMjAlMjAlMjAlMjAlMjAlMjAlMjB0aGlzLnR4dCUyMCUzRCUyMGZ1bGxUeHQuc3Vic3RyaW5nJTI4MCUyQyUyMHRoaXMudHh0Lmxlbmd0aCUyMC0lMjAxJTI5JTNCJTBBJTIwJTIwJTIwJTIwJTIwJTIwJTIwJTIwJTIwJTIwJTIwJTIwJTIwJTIwJTIwJTIwJTdEJTIwZWxzZSUyMCU3QiUwQSUyMCUyMCUyMCUyMCUyMCUyMCUyMCUyMCUyMCUyMCUyMCUyMCUyMCUyMCUyMCUyMCUyMCUyMCUyMCUyMHRoaXMudHh0JTIwJTNEJTIwZnVsbFR4dC5zdWJzdHJpbmclMjgwJTJDJTIwdGhpcy50eHQubGVuZ3RoJTIwJTJCJTIwMSUyOSUzQiUwQSUyMCUyMCUyMCUyMCUyMCUyMCUyMCUyMCUyMCUyMCUyMCUyMCUyMCUyMCUyMCUyMCU3RCUwQSUwQSUyMCUyMCUyMCUyMCUyMCUyMCUyMCUyMCUyMCUyMCUyMCUyMCUyMCUyMCUyMCUyMHRoaXMuZWwuaW5uZXJIVE1MJTIwJTNEJTIwdGhpcy50eHQlM0IlMEElMEElMjAlMjAlMjAlMjAlMjAlMjAlMjAlMjAlMjAlMjAlMjAlMjAlMjAlMjAlMjAlMjB2YXIlMjB0aGF0JTIwJTNEJTIwdGhpcyUzQiUwQSUyMCUyMCUyMCUyMCUyMCUyMCUyMCUyMCUyMCUyMCUyMCUyMCUyMCUyMCUyMCUyMCUyRiUyRnNlJTIwY2FtYmlhJTIwMzAwJTIwcG9yJTIwMTgwJTIwZW4lMjBlc2NyaXR1cmElMEElMjAlMjAlMjAlMjAlMjAlMjAlMjAlMjAlMjAlMjAlMjAlMjAlMjAlMjAlMjAlMjB2YXIlMjBkZWx0YSUyMCUzRCUyMDE4MCUyMC0lMjBNYXRoLnJhbmRvbSUyOCUyOSUyMCUyQSUyMDEwMCUzQiUwQSUwQSUyMCUyMCUyMCUyMCUyMCUyMCUyMCUyMCUyMCUyMCUyMCUyMCUyMCUyMCUyMCUyMGlmJTIwJTI4dGhpcy5pc0RlbGV0aW5nJTI5JTIwJTdCJTBBJTIwJTIwJTIwJTIwJTIwJTIwJTIwJTIwJTIwJTIwJTIwJTIwJTIwJTIwJTIwJTIwJTIwJTIwJTIwJTIwZGVsdGElMjAlMkYlM0QlMjAyJTNCJTBBJTIwJTIwJTIwJTIwJTIwJTIwJTIwJTIwJTIwJTIwJTIwJTIwJTIwJTIwJTIwJTIwJTdEJTBBJTBBJTIwJTIwJTIwJTIwJTIwJTIwJTIwJTIwJTIwJTIwJTIwJTIwJTIwJTIwJTIwJTIwaWYlMjAlMjglMjF0aGlzLmlzRGVsZXRpbmclMjAlMjYlMjYlMjB0aGlzLnR4dCUyMCUzRCUzRCUzRCUyMGZ1bGxUeHQlMjklMjAlN0IlMEElMjAlMjAlMjAlMjAlMjAlMjAlMjAlMjAlMjAlMjAlMjAlMjAlMjAlMjAlMjAlMjAlMjAlMjAlMjAlMjBkZWx0YSUyMCUzRCUyMHRoaXMucGVyaW9kJTNCJTBBJTIwJTIwJTIwJTIwJTIwJTIwJTIwJTIwJTIwJTIwJTIwJTIwJTIwJTIwJTIwJTIwJTIwJTIwJTIwJTIwdGhpcy5pc0RlbGV0aW5nJTIwJTNEJTIwdHJ1ZSUzQiUwQSUyMCUyMCUyMCUyMCUyMCUyMCUyMCUyMCUyMCUyMCUyMCUyMCUyMCUyMCUyMCUyMCU3RCUyMGVsc2UlMjBpZiUyMCUyOHRoaXMuaXNEZWxldGluZyUyMCUyNiUyNiUyMHRoaXMudHh0JTIwJTNEJTNEJTNEJTIwJTI3JTI3JTI5JTIwJTdCJTBBJTIwJTIwJTIwJTIwJTIwJTIwJTIwJTIwJTIwJTIwJTIwJTIwJTIwJTIwJTIwJTIwJTIwJTIwJTIwJTIwdGhpcy5pc0RlbGV0aW5nJTIwJTNEJTIwZmFsc2UlM0IlMEElMjAlMjAlMjAlMjAlMjAlMjAlMjAlMjAlMjAlMjAlMjAlMjAlMjAlMjAlMjAlMjAlMjAlMjAlMjAlMjB0aGlzLmxvb3BOdW0lMkIlMkIlM0IlMEElMjAlMjAlMjAlMjAlMjAlMjAlMjAlMjAlMjAlMjAlMjAlMjAlMjAlMjAlMjAlMjAlMjAlMjAlMjAlMjAlMkYlMkZzZSUyMGNhbWJpYSUyMDMwMCUyMHBvciUyMDE4MCUyMGVuJTIwZXNjcml0dXJhJTBBJTIwJTIwJTIwJTIwJTIwJTIwJTIwJTIwJTIwJTIwJTIwJTIwJTIwJTIwJTIwJTIwJTIwJTIwJTIwJTIwZGVsdGElMjAlM0QlMjAxODAlM0IlMEElMjAlMjAlMjAlMjAlMjAlMjAlMjAlMjAlMjAlMjAlMjAlMjAlMjAlMjAlMjAlMjAlN0QlMEElMEElMjAlMjAlMjAlMjAlMjAlMjAlMjAlMjAlMjAlMjAlMjAlMjAlMjAlMjAlMjAlMjBzZXRUaW1lb3V0JTI4ZnVuY3Rpb24lMjglMjklMjAlN0IlMEElMjAlMjAlMjAlMjAlMjAlMjAlMjAlMjAlMjAlMjAlMjAlMjAlMjAlMjAlMjAlMjAlMjAlMjAlMjAlMjB0aGF0LnRpY2slMjglMjklM0IlMEElMjAlMjAlMjAlMjAlMjAlMjAlMjAlMjAlMjAlMjAlMjAlMjAlMjAlMjAlMjAlMjAlN0QlMkMlMjBkZWx0YSUyOSUzQiUwQSUyMCUyMCUyMCUyMCUyMCUyMCUyMCUyMCUyMCUyMCUyMCUyMCU3RCUzQiUwQSUwQSUyMCUyMCUyMCUyMCUyMCUyMCUyMCUyMCUyMCUyMCUyMCUyMHNldFRpbWVvdXQlMjhmdW5jdGlvbiUyOCUyOSUyMCU3QiUwQSUyMCUyMCUyMCUyMCUyMCUyMCUyMCUyMCUyMCUyMCUyMCUyMCUyMCUyMCUyMCUyMHZhciUyMGVsZW1lbnRzJTIwJTNEJTIwJTI0JTI4JTI3Lmhlcm8tbGVmdCUyMC5oZWFkaW5nJTIwaDIlMjBzdHJvbmclMjclMjklM0IlMEElMjAlMjAlMjAlMjAlMjAlMjAlMjAlMjAlMjAlMjAlMjAlMjAlMjAlMjAlMjAlMjBmb3IlMjAlMjh2YXIlMjBpJTIwJTNEJTIwMCUzQiUyMGklMjAlM0MlMjBlbGVtZW50cy5sZW5ndGglM0IlMjBpJTJCJTJCJTI5JTIwJTdCJTBBJTIwJTIwJTIwJTIwJTIwJTIwJTIwJTIwJTIwJTIwJTIwJTIwJTIwJTIwJTIwJTIwJTIwJTIwJTIwJTIwdmFyJTIwb3JpZ2luYWxUZXh0JTIwJTNEJTIwJTI0JTI4JTI3LndpZGdldF8xNjgxMzM4OTM0NTkxLWhlYWRlci1zdHJpcGUtd3JhcHBlciUyMC5oZWFkaW5nJTIwc3BhbiUyNyUyOS50ZXh0JTI4JTI5JTNCJTBBJTIwJTIwJTIwJTIwJTIwJTIwJTIwJTIwJTIwJTIwJTIwJTIwJTIwJTIwJTIwJTIwJTIwJTIwJTIwJTIwdmFyJTIwdG9Sb3RhdGUlMjAlM0QlMjAlNUIlMjdHZXN0aSVDMyVCM24lMjclMkMlMjdUZWNub2xvZyVDMyVBRGEuJTI3JTVEJTNCJTBBJTIwJTIwJTIwJTIwJTIwJTIwJTIwJTIwJTIwJTIwJTIwJTIwJTIwJTIwJTIwJTIwJTIwJTIwJTIwJTIwdG9Sb3RhdGUucHVzaCUyOG9yaWdpbmFsVGV4dCUyOSUzQiUwQSUyMCUyMCUyMCUyMCUyMCUyMCUyMCUyMCUyMCUyMCUyMCUyMCUyMCUyMCUyMCUyMCUyMCUyMCUyMCUyMHZhciUyMHBlcmlvZCUyMCUzRCUyMDAuNyUyMCUyQSUyMDEwMDAlM0IlMEElMjAlMjAlMjAlMjAlMjAlMjAlMjAlMjAlMjAlMjAlMjAlMjAlMjAlMjAlMjAlMjAlMjAlMjAlMjAlMjBpZiUyMCUyOHRvUm90YXRlJTI5JTIwJTdCJTBBJTIwJTIwJTIwJTIwJTIwJTIwJTIwJTIwJTIwJTIwJTIwJTIwJTIwJTIwJTIwJTIwJTIwJTIwJTIwJTIwJTIwJTIwJTIwJTIwbmV3JTIwVHh0Um90YXRlJTI4ZWxlbWVudHMlNUJpJTVEJTJDJTIwdG9Sb3RhdGUlMkMlMjBwZXJpb2QlMjklM0IlMEElMjAlMjAlMjAlMjAlMjAlMjAlMjAlMjAlMjAlMjAlMjAlMjAlMjAlMjAlMjAlMjAlMjAlMjAlMjAlMjAlN0QlMEElMjAlMjAlMjAlMjAlMjAlMjAlMjAlMjAlMjAlMjAlMjAlMjAlMjAlMjAlMjAlMjAlN0QlMEElMjAlMjAlMjAlMjAlMjAlMjAlMjAlMjAlMjAlMjAlMjAlMjAlN0QlMkMlMjAwLjclMjAlMkElMjAxMDAwJTI5JTNCJTBBJTIwJTIwJTIwJTIwJTIwJTIwJTIwJTIwJTdEJTI5JTNCJTBBJTIwJTIwJTIwJTIwJTNDJTJGc2NyaXB0JTNF[\/vc_raw_js][\/vc_column][\/vc_row]<\/p>\n<\/div>","protected":false},"excerpt":{"rendered":"<p>[vc_section full_width=\u00bbstretch_row\u00bb content_placement=\u00bbbottom\u00bb el_class=\u00bbhero-box\u00bb][vc_row content_placement=\u00bbmiddle\u00bb el_class=\u00bbc80 p80&#8243;][vc_column width=\u00bb1\/2&#8243; el_class=\u00bbhero-left\u00bb][vc_column_text css=\u00bb\u00bb el_class=\u00bbheading\u00bb] Tu aliado estrat\u00e9gico en: _ En BPTC te ayudamos [&hellip;]<\/p>\n","protected":false},"author":1,"featured_media":0,"parent":0,"menu_order":0,"comment_status":"closed","ping_status":"closed","template":"","meta":{"site-sidebar-layout":"no-sidebar","site-content-layout":"plain-container","ast-site-content-layout":"default","site-content-style":"default","site-sidebar-style":"default","ast-global-header-display":"","ast-banner-title-visibility":"","ast-main-header-display":"","ast-hfb-above-header-display":"","ast-hfb-below-header-display":"","ast-hfb-mobile-header-display":"","site-post-title":"disabled","ast-breadcrumbs-content":"","ast-featured-img":"disabled","footer-sml-layout":"","ast-disable-related-posts":"","theme-transparent-header-meta":"enabled","adv-header-id-meta":"","stick-header-meta":"default","header-above-stick-meta":"","header-main-stick-meta":"on","header-below-stick-meta":"","astra-migrate-meta-layouts":"set","ast-page-background-enabled":"default","ast-page-background-meta":{"desktop":{"background-color":"var(--ast-global-color-5)","background-image":"","background-repeat":"repeat","background-position":"center center","background-size":"auto","background-attachment":"scroll","background-type":"","background-media":"","overlay-type":"","overlay-color":"","overlay-opacity":"","overlay-gradient":""},"tablet":{"background-color":"","background-image":"","background-repeat":"repeat","background-position":"center center","background-size":"auto","background-attachment":"scroll","background-type":"","background-media":"","overlay-type":"","overlay-color":"","overlay-opacity":"","overlay-gradient":""},"mobile":{"background-color":"","background-image":"","background-repeat":"repeat","background-position":"center center","background-size":"auto","background-attachment":"scroll","background-type":"","background-media":"","overlay-type":"","overlay-color":"","overlay-opacity":"","overlay-gradient":""}},"ast-content-background-meta":{"desktop":{"background-color":"var(--ast-global-color-4)","background-image":"","background-repeat":"repeat","background-position":"center center","background-size":"auto","background-attachment":"scroll","background-type":"","background-media":"","overlay-type":"","overlay-color":"","overlay-opacity":"","overlay-gradient":""},"tablet":{"background-color":"var(--ast-global-color-4)","background-image":"","background-repeat":"repeat","background-position":"center center","background-size":"auto","background-attachment":"scroll","background-type":"","background-media":"","overlay-type":"","overlay-color":"","overlay-opacity":"","overlay-gradient":""},"mobile":{"background-color":"var(--ast-global-color-4)","background-image":"","background-repeat":"repeat","background-position":"center center","background-size":"auto","background-attachment":"scroll","background-type":"","background-media":"","overlay-type":"","overlay-color":"","overlay-opacity":"","overlay-gradient":""}},"footnotes":""},"class_list":["post-10","page","type-page","status-publish","hentry"],"_links":{"self":[{"href":"https:\/\/bptcsac.com\/index.php\/wp-json\/wp\/v2\/pages\/10","targetHints":{"allow":["GET"]}}],"collection":[{"href":"https:\/\/bptcsac.com\/index.php\/wp-json\/wp\/v2\/pages"}],"about":[{"href":"https:\/\/bptcsac.com\/index.php\/wp-json\/wp\/v2\/types\/page"}],"author":[{"embeddable":true,"href":"https:\/\/bptcsac.com\/index.php\/wp-json\/wp\/v2\/users\/1"}],"replies":[{"embeddable":true,"href":"https:\/\/bptcsac.com\/index.php\/wp-json\/wp\/v2\/comments?post=10"}],"version-history":[{"count":26,"href":"https:\/\/bptcsac.com\/index.php\/wp-json\/wp\/v2\/pages\/10\/revisions"}],"predecessor-version":[{"id":96,"href":"https:\/\/bptcsac.com\/index.php\/wp-json\/wp\/v2\/pages\/10\/revisions\/96"}],"wp:attachment":[{"href":"https:\/\/bptcsac.com\/index.php\/wp-json\/wp\/v2\/media?parent=10"}],"curies":[{"name":"wp","href":"https:\/\/api.w.org\/{rel}","templated":true}]}}